{"id":52,"date":"2020-09-10T14:20:03","date_gmt":"2020-09-10T12:20:03","guid":{"rendered":"https:\/\/aikidogaume.wordpress.com\/?page_id=52"},"modified":"2025-10-20T18:05:05","modified_gmt":"2025-10-20T16:05:05","slug":"dojo","status":"publish","type":"page","link":"https:\/\/aikidogaume.be\/?page_id=52","title":{"rendered":"Notre dojo"},"content":{"rendered":"\n<div class=\"wp-block-media-text alignfull is-stacked-on-mobile\" style=\"grid-template-columns:52% auto\"><figure class=\"wp-block-media-text__media\"><img loading=\"lazy\" decoding=\"async\" width=\"1024\" height=\"768\" src=\"http:\/\/aikidogaume.be\/wp-content\/uploads\/2020\/09\/119915040_847170745686985_1666929461479719379_n-1024x768.jpg\" alt=\"\" class=\"wp-image-220 size-full\" srcset=\"https:\/\/aikidogaume.be\/wp-content\/uploads\/2020\/09\/119915040_847170745686985_1666929461479719379_n-1024x768.jpg 1024w, https:\/\/aikidogaume.be\/wp-content\/uploads\/2020\/09\/119915040_847170745686985_1666929461479719379_n-300x225.jpg 300w, https:\/\/aikidogaume.be\/wp-content\/uploads\/2020\/09\/119915040_847170745686985_1666929461479719379_n-768x576.jpg 768w, https:\/\/aikidogaume.be\/wp-content\/uploads\/2020\/09\/119915040_847170745686985_1666929461479719379_n-1536x1152.jpg 1536w, https:\/\/aikidogaume.be\/wp-content\/uploads\/2020\/09\/119915040_847170745686985_1666929461479719379_n-1200x900.jpg 1200w, https:\/\/aikidogaume.be\/wp-content\/uploads\/2020\/09\/119915040_847170745686985_1666929461479719379_n-800x600.jpg 800w, https:\/\/aikidogaume.be\/wp-content\/uploads\/2020\/09\/119915040_847170745686985_1666929461479719379_n-400x300.jpg 400w, https:\/\/aikidogaume.be\/wp-content\/uploads\/2020\/09\/119915040_847170745686985_1666929461479719379_n-200x150.jpg 200w, https:\/\/aikidogaume.be\/wp-content\/uploads\/2020\/09\/119915040_847170745686985_1666929461479719379_n-1568x1176.jpg 1568w, https:\/\/aikidogaume.be\/wp-content\/uploads\/2020\/09\/119915040_847170745686985_1666929461479719379_n.jpg 2000w\" sizes=\"(max-width: 1024px) 100vw, 1024px\" \/><\/figure><div class=\"wp-block-media-text__content\">\n<div style=\"height:96px\" aria-hidden=\"true\" class=\"wp-block-spacer\"><\/div>\n\n\n\n<h2 class=\"wp-block-heading margin-bottom-half\">Dojo Kishinkai Virton<\/h2>\n\n\n\n<p class=\"margin-top-half has-small-font-size\">A\u00efkido Gaume<\/p>\n\n\n\n<div class=\"wp-block-button\"><a class=\"wp-block-button__link has-background-color has-secondary-background-color has-text-color has-background wp-element-button\" href=\"https:\/\/aikidogaume.be\/?page_id=65\">Nous rejoindre<\/a><\/div>\n\n\n\n<p style=\"font-size:18px\"><br>Dans le sud de la Belgique se trouve notre beau dojo. Au c\u0153ur de la Gaume, \u00e0 Virton, s&rsquo;est install\u00e9 le dojo A\u00efkido Gaume. Depuis plusieurs ann\u00e9es, ce dojo a \u00e9t\u00e9 repris par <strong>Piotr Nowak<\/strong>, a\u00efkidoka depuis plus d&rsquo;une dizaine d&rsquo;ann\u00e9es. <br>Piotr a d&rsquo;abord commenc\u00e9 \u00e0 \u00e9tudier l&rsquo;a\u00efkido EPA avant de vouloir agrandir son exp\u00e9rience. Il d\u00e9couvre l&rsquo;\u00e9cole de L\u00e9o Tamaki, le Kishinkai, et en 2018, <strong>il obtient le shodan de cette \u00e9cole.<\/strong><br><br>Depuis plusieurs ann\u00e9es, Piotr enseigne cette pratique dans le dojo de Virton avec une belle \u00e9quipe d&rsquo;a\u00efkidoka. <br><br>En parall\u00e8le, Piotr s&rsquo;est lanc\u00e9 dans la pratique et l&rsquo;enseignement du Shiatsu (<a href=\"https:\/\/www.facebook.com\/shiatsu.tenkei\" target=\"_blank\" rel=\"noreferrer noopener\">https:\/\/www.facebook.com\/shiatsu.tenkei<\/a>). Aujourd&rsquo;hui, il est fier de pratiquer ses deux passions.<\/p>\n\n\n\n<h5 class=\"wp-block-heading\"><strong>Venez pratiquer le Kishinkai A\u00efkido \u00e0 Virton<\/strong><\/h5>\n\n\n\n<p style=\"font-size:18px\">Nous vous attendons dans notre dojo de 120m\u00b2 dans le c\u0153ur de la Gaume.<\/p>\n\n\n\n<p style=\"font-size:18px\">Les cours ont lieu les lundis et jeudis de 19h \u00e0 21h. Les cours sont mixtes et \u00e0 partir de 12 ans.<\/p>\n\n\n\n<p style=\"font-size:18px\">Tarif : 170\u20ac d&rsquo;adh\u00e9sion au dojo + 40\u20ac d&rsquo;adh\u00e9sion Kishinkai International (\u00e0 r\u00e9gulariser soi-m\u00eame en cliquant <a rel=\"noreferrer noopener\" href=\"https:\/\/kishinkai.international\/\" target=\"_blank\">ici<\/a>) + 10\u20ac la premi\u00e8re ann\u00e9e (pour le passeport)<\/p>\n\n\n\n<p style=\"font-size:18px\">Le dojo se trouve au Centre culturel et Sportif, Cour Marchal, 8 \u00e0 Virton<\/p>\n\n\n\n<div style=\"height:20px\" aria-hidden=\"true\" class=\"wp-block-spacer\"><\/div>\n\n\n\n<figure class=\"wp-block-pullquote alignwide has-text-align-center\"><blockquote><p>&lt;&lt;<strong>Le secret de l&rsquo;a\u00efkido ne r\u00e9side pas dans la mani\u00e8re dont vous d\u00e9placez les pieds, il est dans la capacit\u00e9 \u00e0 faire bouger votre esprit, je ne vous enseigne pas de techniques martiales, je vous enseigne la non-violence<\/strong>&gt;&gt;<\/p><cite>Citation de O&rsquo;sensei Morihei Ueshiba<\/cite><\/blockquote><\/figure>\n\n\n\n<p><\/p>\n<\/div><\/div>\n\n\n\n<div style=\"height:64px\" aria-hidden=\"true\" class=\"wp-block-spacer\"><\/div>\n\n\n\n<p class=\"has-text-align-justify\">Le Kishinkai propose un programme de Kyus. Voici un tableau pour vous aider \u00e0 r\u00e9viser les diff\u00e9rents mouvements.<\/p>\n\n\n\n<div class=\"wp-block-file aligncenter\"><a id=\"wp-block-file--media-3bbb0796-af57-42af-bcbc-aecd35e76270\" href=\"https:\/\/aikidogaume.be\/wp-content\/uploads\/2025\/10\/Kishinkai-Kyu.xlsx\">Kishinkai Kyu<\/a><a href=\"https:\/\/aikidogaume.be\/wp-content\/uploads\/2025\/10\/Kishinkai-Kyu.xlsx\" class=\"wp-block-file__button wp-element-button\" download aria-describedby=\"wp-block-file--media-3bbb0796-af57-42af-bcbc-aecd35e76270\">T\u00e9l\u00e9charger<\/a><\/div>\n\n\n\n<div style=\"height:64px\" aria-hidden=\"true\" class=\"wp-block-spacer\"><\/div>\n\n\n\n<ul class=\"wp-block-social-links aligncenter is-style-pill-shape is-layout-flex wp-block-social-links-is-layout-flex\"><li class=\"wp-social-link wp-social-link-facebook  wp-block-social-link\"><a href=\"https:\/\/www.facebook.com\/Aikido-Gaume-164999544066022\" class=\"wp-block-social-link-anchor\"><svg width=\"24\" height=\"24\" viewBox=\"0 0 24 24\" version=\"1.1\" xmlns=\"http:\/\/www.w3.org\/2000\/svg\" aria-hidden=\"true\" focusable=\"false\"><path d=\"M12 2C6.5 2 2 6.5 2 12c0 5 3.7 9.1 8.4 9.9v-7H7.9V12h2.5V9.8c0-2.5 1.5-3.9 3.8-3.9 1.1 0 2.2.2 2.2.2v2.5h-1.3c-1.2 0-1.6.8-1.6 1.6V12h2.8l-.4 2.9h-2.3v7C18.3 21.1 22 17 22 12c0-5.5-4.5-10-10-10z\"><\/path><\/svg><span class=\"wp-block-social-link-label screen-reader-text\">Facebook<\/span><\/a><\/li>\n\n\n\n\n\n\n\n<\/ul>\n","protected":false},"excerpt":{"rendered":"<p>Le Kishinkai propose un programme de Kyus. Voici un tableau pour vous aider \u00e0 r\u00e9viser les diff\u00e9rents mouvements.<\/p>\n","protected":false},"author":2,"featured_media":0,"parent":0,"menu_order":0,"comment_status":"closed","ping_status":"closed","template":"","meta":{"spay_email":"","footnotes":""},"class_list":["post-52","page","type-page","status-publish","hentry","entry"],"_links":{"self":[{"href":"https:\/\/aikidogaume.be\/index.php?rest_route=\/wp\/v2\/pages\/52"}],"collection":[{"href":"https:\/\/aikidogaume.be\/index.php?rest_route=\/wp\/v2\/pages"}],"about":[{"href":"https:\/\/aikidogaume.be\/index.php?rest_route=\/wp\/v2\/types\/page"}],"author":[{"embeddable":true,"href":"https:\/\/aikidogaume.be\/index.php?rest_route=\/wp\/v2\/users\/2"}],"replies":[{"embeddable":true,"href":"https:\/\/aikidogaume.be\/index.php?rest_route=%2Fwp%2Fv2%2Fcomments&post=52"}],"version-history":[{"count":12,"href":"https:\/\/aikidogaume.be\/index.php?rest_route=\/wp\/v2\/pages\/52\/revisions"}],"predecessor-version":[{"id":544,"href":"https:\/\/aikidogaume.be\/index.php?rest_route=\/wp\/v2\/pages\/52\/revisions\/544"}],"wp:attachment":[{"href":"https:\/\/aikidogaume.be\/index.php?rest_route=%2Fwp%2Fv2%2Fmedia&parent=52"}],"curies":[{"name":"wp","href":"https:\/\/api.w.org\/{rel}","templated":true}]}}