{"id":294,"date":"2020-11-01T10:44:31","date_gmt":"2020-11-01T09:44:31","guid":{"rendered":"http:\/\/aikidogaume.be\/?page_id=294"},"modified":"2024-08-25T11:43:45","modified_gmt":"2024-08-25T09:43:45","slug":"pratiquer-durant-le-confinement","status":"publish","type":"page","link":"https:\/\/aikidogaume.be\/?page_id=294","title":{"rendered":"News"},"content":{"rendered":"\n<div class=\"wp-block-media-text alignwide has-media-on-the-right is-stacked-on-mobile\"><div class=\"wp-block-media-text__content\">\n<p>Rentr\u00e9e le 2 septembre 2024 !<\/p>\n\n\n\n<p>On vous attend tous les lundis et jeudis de 19h \u00e0 21h au Complexe Sportif de Virton !<\/p>\n<\/div><figure class=\"wp-block-media-text__media\"><img loading=\"lazy\" decoding=\"async\" width=\"745\" height=\"1024\" src=\"https:\/\/aikidogaume.be\/wp-content\/uploads\/2023\/08\/Affiche-Kishinkai-745x1024.jpeg\" alt=\"\" class=\"wp-image-453 size-full\" srcset=\"https:\/\/aikidogaume.be\/wp-content\/uploads\/2023\/08\/Affiche-Kishinkai-745x1024.jpeg 745w, https:\/\/aikidogaume.be\/wp-content\/uploads\/2023\/08\/Affiche-Kishinkai-218x300.jpeg 218w, https:\/\/aikidogaume.be\/wp-content\/uploads\/2023\/08\/Affiche-Kishinkai-768x1056.jpeg 768w, https:\/\/aikidogaume.be\/wp-content\/uploads\/2023\/08\/Affiche-Kishinkai-1117x1536.jpeg 1117w, https:\/\/aikidogaume.be\/wp-content\/uploads\/2023\/08\/Affiche-Kishinkai-1489x2048.jpeg 1489w, https:\/\/aikidogaume.be\/wp-content\/uploads\/2023\/08\/Affiche-Kishinkai-1568x2156.jpeg 1568w, https:\/\/aikidogaume.be\/wp-content\/uploads\/2023\/08\/Affiche-Kishinkai.jpeg 1700w\" sizes=\"(max-width: 745px) 100vw, 745px\" \/><\/figure><\/div>\n\n\n\n<div style=\"height:100px\" aria-hidden=\"true\" class=\"wp-block-spacer\"><\/div>\n\n\n\n<div class=\"wp-block-media-text alignwide is-stacked-on-mobile is-vertically-aligned-center\"><figure class=\"wp-block-media-text__media\"><img loading=\"lazy\" decoding=\"async\" width=\"1024\" height=\"536\" src=\"https:\/\/aikidogaume.be\/wp-content\/uploads\/2024\/05\/401774553_369591432077093_4708630109457795745_n-1024x536.jpg\" alt=\"\" class=\"wp-image-470 size-full\" srcset=\"https:\/\/aikidogaume.be\/wp-content\/uploads\/2024\/05\/401774553_369591432077093_4708630109457795745_n-1024x536.jpg 1024w, https:\/\/aikidogaume.be\/wp-content\/uploads\/2024\/05\/401774553_369591432077093_4708630109457795745_n-300x157.jpg 300w, https:\/\/aikidogaume.be\/wp-content\/uploads\/2024\/05\/401774553_369591432077093_4708630109457795745_n-768x402.jpg 768w, https:\/\/aikidogaume.be\/wp-content\/uploads\/2024\/05\/401774553_369591432077093_4708630109457795745_n-1536x804.jpg 1536w, https:\/\/aikidogaume.be\/wp-content\/uploads\/2024\/05\/401774553_369591432077093_4708630109457795745_n-1568x821.jpg 1568w, https:\/\/aikidogaume.be\/wp-content\/uploads\/2024\/05\/401774553_369591432077093_4708630109457795745_n.jpg 2048w\" sizes=\"(max-width: 1024px) 100vw, 1024px\" \/><\/figure><div class=\"wp-block-media-text__content\">\n<div class=\"wp-block-buttons alignwide is-content-justification-center is-layout-flex wp-container-core-buttons-is-layout-1 wp-block-buttons-is-layout-flex\">\n<div class=\"wp-block-button has-custom-width wp-block-button__width-75 has-custom-font-size has-large-font-size\"><a class=\"wp-block-button__link has-secondary-background-color has-background has-text-align-center wp-element-button\" href=\"https:\/\/aikidogaume.be\/?page_id=465\">D\u00e9couvrir l&rsquo;article<\/a><\/div>\n<\/div>\n<\/div><\/div>\n\n\n\n<div style=\"height:100px\" aria-hidden=\"true\" class=\"wp-block-spacer\"><\/div>\n\n\n\n<div class=\"wp-block-media-text alignwide has-media-on-the-right is-stacked-on-mobile\"><div class=\"wp-block-media-text__content\">\n<p>Rentr\u00e9e 2023 ! Rejoignez nous tous les lundis et jeudis de 19h \u00e0 21h \u00e0 partir du 4 septembre 2023 <\/p>\n<\/div><figure class=\"wp-block-media-text__media\"><img loading=\"lazy\" decoding=\"async\" width=\"745\" height=\"1024\" src=\"https:\/\/aikidogaume.be\/wp-content\/uploads\/2023\/08\/Affiche-Kishinkai-745x1024.jpeg\" alt=\"\" class=\"wp-image-453 size-full\" srcset=\"https:\/\/aikidogaume.be\/wp-content\/uploads\/2023\/08\/Affiche-Kishinkai-745x1024.jpeg 745w, https:\/\/aikidogaume.be\/wp-content\/uploads\/2023\/08\/Affiche-Kishinkai-218x300.jpeg 218w, https:\/\/aikidogaume.be\/wp-content\/uploads\/2023\/08\/Affiche-Kishinkai-768x1056.jpeg 768w, https:\/\/aikidogaume.be\/wp-content\/uploads\/2023\/08\/Affiche-Kishinkai-1117x1536.jpeg 1117w, https:\/\/aikidogaume.be\/wp-content\/uploads\/2023\/08\/Affiche-Kishinkai-1489x2048.jpeg 1489w, https:\/\/aikidogaume.be\/wp-content\/uploads\/2023\/08\/Affiche-Kishinkai-1568x2156.jpeg 1568w, https:\/\/aikidogaume.be\/wp-content\/uploads\/2023\/08\/Affiche-Kishinkai.jpeg 1700w\" sizes=\"(max-width: 745px) 100vw, 745px\" \/><\/figure><\/div>\n\n\n\n<div style=\"height:100px\" aria-hidden=\"true\" class=\"wp-block-spacer\"><\/div>\n\n\n\n<div class=\"wp-block-media-text alignwide is-stacked-on-mobile is-vertically-aligned-center\"><figure class=\"wp-block-media-text__media\"><img loading=\"lazy\" decoding=\"async\" width=\"724\" height=\"1024\" src=\"https:\/\/aikidogaume.be\/wp-content\/uploads\/2022\/07\/295205948_1185422752023691_7741229009304718474_n-724x1024.jpg\" alt=\"\" class=\"wp-image-426 size-full\" srcset=\"https:\/\/aikidogaume.be\/wp-content\/uploads\/2022\/07\/295205948_1185422752023691_7741229009304718474_n-724x1024.jpg 724w, https:\/\/aikidogaume.be\/wp-content\/uploads\/2022\/07\/295205948_1185422752023691_7741229009304718474_n-212x300.jpg 212w, https:\/\/aikidogaume.be\/wp-content\/uploads\/2022\/07\/295205948_1185422752023691_7741229009304718474_n-768x1086.jpg 768w, https:\/\/aikidogaume.be\/wp-content\/uploads\/2022\/07\/295205948_1185422752023691_7741229009304718474_n-1086x1536.jpg 1086w, https:\/\/aikidogaume.be\/wp-content\/uploads\/2022\/07\/295205948_1185422752023691_7741229009304718474_n-1200x1697.jpg 1200w, https:\/\/aikidogaume.be\/wp-content\/uploads\/2022\/07\/295205948_1185422752023691_7741229009304718474_n.jpg 1448w\" sizes=\"(max-width: 724px) 100vw, 724px\" \/><\/figure><div class=\"wp-block-media-text__content\">\n<p class=\"has-text-align-center\">Reprise des cours d&rsquo;A\u00efkido Kishinkai pour la saison 2022-2023 \u00e0 Virton.<\/p>\n\n\n\n<p class=\"has-text-align-center\">Cours ouverts \u00e0 tous \u00e0 partir de 12 ans :<br>Lundi et Jeudi 19h00-21h00<\/p>\n\n\n\n<p class=\"has-text-align-center\">Cours d&rsquo;essai gratuit et inscription toute l&rsquo;ann\u00e9e<\/p>\n\n\n\n<p class=\"has-text-align-center\">Contactez nous en cliquant <a href=\"https:\/\/aikidogaume.be\/?page_id=65\">ici<\/a><\/p>\n\n\n\n<p class=\"has-text-align-center\">ou sur <a href=\"https:\/\/www.facebook.com\/Aikido-Gaume-164999544066022\">Facebook<\/a><\/p>\n<\/div><\/div>\n\n\n\n<div style=\"height:100px\" aria-hidden=\"true\" class=\"wp-block-spacer\"><\/div>\n\n\n\n<p class=\"has-text-align-justify\">C&rsquo;est la rentr\u00e9e ! Les cours reprennent les lundis et jeudis de 19h \u00e0 21h \u00e0 partir du 2 septembre au dojo ! Pour toutes questions, n&rsquo;h\u00e9sitez pas \u00e0 <a href=\"https:\/\/aikidogaume.be\/?page_id=65\">contacter le dojo<\/a> ou via la <a rel=\"noreferrer noopener\" href=\"https:\/\/www.facebook.com\/Aikido-Gaume-164999544066022\" target=\"_blank\">page Facebook<\/a>. On esp\u00e8re vous revoir rapidement !<\/p>\n\n\n<div class=\"wp-block-image\">\n<figure class=\"aligncenter size-large is-resized\"><img loading=\"lazy\" decoding=\"async\" src=\"https:\/\/aikidogaume.be\/wp-content\/uploads\/2021\/08\/239448360_586488646049928_2229200700685828803_n-724x1024.png\" alt=\"\" class=\"wp-image-385\" width=\"362\" height=\"512\" srcset=\"https:\/\/aikidogaume.be\/wp-content\/uploads\/2021\/08\/239448360_586488646049928_2229200700685828803_n-724x1024.png 724w, https:\/\/aikidogaume.be\/wp-content\/uploads\/2021\/08\/239448360_586488646049928_2229200700685828803_n-212x300.png 212w, https:\/\/aikidogaume.be\/wp-content\/uploads\/2021\/08\/239448360_586488646049928_2229200700685828803_n-768x1086.png 768w, https:\/\/aikidogaume.be\/wp-content\/uploads\/2021\/08\/239448360_586488646049928_2229200700685828803_n-1086x1536.png 1086w, https:\/\/aikidogaume.be\/wp-content\/uploads\/2021\/08\/239448360_586488646049928_2229200700685828803_n-1200x1697.png 1200w, https:\/\/aikidogaume.be\/wp-content\/uploads\/2021\/08\/239448360_586488646049928_2229200700685828803_n.png 1448w\" sizes=\"(max-width: 362px) 100vw, 362px\" \/><\/figure><\/div>\n\n\n<div style=\"height:121px\" aria-hidden=\"true\" class=\"wp-block-spacer\"><\/div>\n\n\n\n<div class=\"wp-block-media-text alignwide is-stacked-on-mobile\"><figure class=\"wp-block-media-text__media\"><img loading=\"lazy\" decoding=\"async\" width=\"1024\" height=\"692\" src=\"http:\/\/aikidogaume.be\/wp-content\/uploads\/2020\/11\/image_1477391_20201031_ob_97f267_chudan-tsuki-ude-garami-ura-1024x692.png\" alt=\"\" class=\"wp-image-298 size-full\" srcset=\"https:\/\/aikidogaume.be\/wp-content\/uploads\/2020\/11\/image_1477391_20201031_ob_97f267_chudan-tsuki-ude-garami-ura-1024x692.png 1024w, https:\/\/aikidogaume.be\/wp-content\/uploads\/2020\/11\/image_1477391_20201031_ob_97f267_chudan-tsuki-ude-garami-ura-300x203.png 300w, https:\/\/aikidogaume.be\/wp-content\/uploads\/2020\/11\/image_1477391_20201031_ob_97f267_chudan-tsuki-ude-garami-ura-768x519.png 768w, https:\/\/aikidogaume.be\/wp-content\/uploads\/2020\/11\/image_1477391_20201031_ob_97f267_chudan-tsuki-ude-garami-ura-1536x1038.png 1536w, https:\/\/aikidogaume.be\/wp-content\/uploads\/2020\/11\/image_1477391_20201031_ob_97f267_chudan-tsuki-ude-garami-ura-1200x811.png 1200w, https:\/\/aikidogaume.be\/wp-content\/uploads\/2020\/11\/image_1477391_20201031_ob_97f267_chudan-tsuki-ude-garami-ura-1568x1059.png 1568w, https:\/\/aikidogaume.be\/wp-content\/uploads\/2020\/11\/image_1477391_20201031_ob_97f267_chudan-tsuki-ude-garami-ura.png 1600w\" sizes=\"(max-width: 1024px) 100vw, 1024px\" \/><\/figure><div class=\"wp-block-media-text__content\">\n<h2 class=\"wp-block-heading has-text-align-left\">Kishinkai Online<\/h2>\n\n\n\n<p class=\"has-text-align-left\" style=\"font-size:16px\"><em>Application Kishinkai A\u00efkido Online<\/em><\/p>\n\n\n\n<p class=\"has-text-align-justify\" style=\"font-size:16px\">L\u00e9o Tamaki vient de publier l&rsquo;application Kishinkai Online. Cette application a pour but de proposer aux membres du Kishinkai des vid\u00e9os sur des techniques, des exercices \u00e0 r\u00e9aliser soi-m\u00eame et du travail aux armes.<\/p>\n\n\n\n<p class=\"has-text-align-justify\" style=\"font-size:16px\">Bien con\u00e7ues, les vid\u00e9os sont un bel outil pour continuer la pratique seul durant cette crise.<\/p>\n\n\n\n<p style=\"font-size:16px\">Vous pouvez retrouver l&rsquo;application sur le <a rel=\"noreferrer noopener\" href=\"https:\/\/play.google.com\/store\/apps\/details?id=international.kishinkai\" data-type=\"URL\" data-id=\"https:\/\/play.google.com\/store\/apps\/details?id=international.kishinkai\" target=\"_blank\">Play Store<\/a> et sur l&rsquo;<a rel=\"noreferrer noopener\" href=\"https:\/\/apps.apple.com\/fr\/app\/apple-store\/id1526438793\" target=\"_blank\">App Store<\/a>. Pour toutes autres pr\u00e9cisions, voici l&rsquo;article de L\u00e9o : <a rel=\"noreferrer noopener\" href=\"http:\/\/www.leotamaki.com\/2020\/10\/kishinkai-online-aikido-en-ligne.html\" target=\"_blank\">http:\/\/www.leotamaki.com\/2020\/10\/kishinkai-online-aikido-en-ligne.html<\/a><\/p>\n<\/div><\/div>\n\n\n\n<div style=\"height:32px\" aria-hidden=\"true\" class=\"wp-block-spacer desktop-only\"><\/div>\n\n\n\n<div style=\"height:32px\" aria-hidden=\"true\" class=\"wp-block-spacer\"><\/div>\n","protected":false},"excerpt":{"rendered":"<p>Rentr\u00e9e le 2 septembre 2024 ! On vous attend tous les lundis et jeudis de 19h \u00e0 21h au Complexe Sportif de Virton ! Rentr\u00e9e 2023 ! Rejoignez nous tous les lundis et jeudis de 19h \u00e0 21h \u00e0 partir du 4 septembre 2023 Reprise des cours d&rsquo;A\u00efkido Kishinkai pour la saison 2022-2023 \u00e0 Virton.<a class=\"more-link\" href=\"https:\/\/aikidogaume.be\/?page_id=294\">Lire la suite <span class=\"screen-reader-text\">\u00ab\u00a0News\u00a0\u00bb<\/span><\/a><\/p>\n","protected":false},"author":1,"featured_media":0,"parent":0,"menu_order":0,"comment_status":"closed","ping_status":"closed","template":"","meta":{"spay_email":"","footnotes":""},"class_list":["post-294","page","type-page","status-publish","hentry","entry"],"_links":{"self":[{"href":"https:\/\/aikidogaume.be\/index.php?rest_route=\/wp\/v2\/pages\/294"}],"collection":[{"href":"https:\/\/aikidogaume.be\/index.php?rest_route=\/wp\/v2\/pages"}],"about":[{"href":"https:\/\/aikidogaume.be\/index.php?rest_route=\/wp\/v2\/types\/page"}],"author":[{"embeddable":true,"href":"https:\/\/aikidogaume.be\/index.php?rest_route=\/wp\/v2\/users\/1"}],"replies":[{"embeddable":true,"href":"https:\/\/aikidogaume.be\/index.php?rest_route=%2Fwp%2Fv2%2Fcomments&post=294"}],"version-history":[{"count":26,"href":"https:\/\/aikidogaume.be\/index.php?rest_route=\/wp\/v2\/pages\/294\/revisions"}],"predecessor-version":[{"id":487,"href":"https:\/\/aikidogaume.be\/index.php?rest_route=\/wp\/v2\/pages\/294\/revisions\/487"}],"wp:attachment":[{"href":"https:\/\/aikidogaume.be\/index.php?rest_route=%2Fwp%2Fv2%2Fmedia&parent=294"}],"curies":[{"name":"wp","href":"https:\/\/api.w.org\/{rel}","templated":true}]}}